s**3 + 3*s**2 + 28*s + 233. Is j(11) a composite number?
False
Let l(u) = -22*u**3 - 135*u**2 - 75*u - 115. Is l(-47) a prime number?
False
Suppose 0 = -5*k + 3*k + 106. Let d(a) = 32 - 4*a + 33 + k*a**2 + 36*a**2 - 73. Is d(-5) a prime number?
True
Suppose 5*m + 4*p = 17, m - 2*p + 3*p = 3. Suppose g = -5*k - 70 + 1871, -m*g - 5*k = -9005. Is g composite?
False
Let a = 110 + -103. Is 2/((70/16255)/a) composite?
False
Let d(o) = 3*o**3 + 39*o**2 - 2*o - 24. Let i be d(-13). Let l(h) = 5*h**2 - 1 - 4 + 4*h + 14*h**2. Is l(i) a prime number?
True
Let l = 2883 - 4051. Let k = l - -4557. Is k a composite number?
False
Let v(f) = -61*f + 53. Let n = 51 - 69. Is v(n) a prime number?
True
Let q = -1889 + 3110. Let a = q + -424. Is a a composite number?
False
Let j(c) = 3414*c**2 - 15*c + 5*c - c + 21 - 480*c**2. Is j(2) prime?
False
Suppose -14*k = 3*k - 151952 - 79095. Is k prime?
True
Let x(l) = -l**3 + 2*l**2 + 1455. Suppose 0*o + 3*o - 6*o = 0. Let i be x(o). Let t = i - 568. Is t a composite number?
False
Suppose 4*f - 8779 = -3*z, 10*z - 9*z - f = 2938. Suppose -8799 = -3*d - 3*r, 5*d = 4*d + 3*r + z. Is d a composite number?
True
Suppose -39278 = -2*y + 4*b, y + 2*b - 8844 = 10799. Let v = 31108 - y. Is v composite?
False
Suppose 0 = 6*o - 12*o - 8*o. Suppose -k - 198 + 2363 = -2*s, 4*k + s - 8642 = o. Is k composite?
False
Suppose 5892 = 10*g - 4*g. Let v be g - 3/(-1) - 0. Suppose v = 3*p - 3248. Is p a composite number?
True
Let c(k) be the first derivative of 2*k - 147/2*k**2 + 23. Is c(-1) a composite number?
False
Let l(q) = q**3 - 8*q**2 - 20*q - 23. Let p be l(10). Let o(d) = -116*d + 37. Is o(p) a prime number?
False
Let x(y) = y**2 + 28*y + 76. Let a be x(-24). Is 5*153404/50*a/(-8) prime?
True
Suppose 8*j - 4*j - i - 212 = 0, 68 = j - 4*i. Is (59579/j)/(6/(-8) - -1) prime?
True
Let j = 248 + -238. Suppose -j*c + 17*c = 52255. Is c prime?
False
Let i = 319 + -64. Suppose -9*y + i = -6*y. Suppose 956 + y = x. Is x composite?
True
Is 3189142/(-99)*(-432)/32 composite?
True
Let c(h) be the third derivative of -31*h**6/60 - 2*h**5/15 - h**4/24 - h**3/2 - 222*h**2. Is c(-4) prime?
False
Let g(w) be the second derivative of -11*w**8/3360 - w**6/180 + 3*w**5/40 + 29*w**4/12 - 42*w. Let z(j) be the third derivative of g(j). Is z(-5) composite?
True
Let m = 398260 - 283751. Is m prime?
False
Suppose -8712130 - 9398090 = -60*c. Is c prime?
False
Suppose 10*l - 2932445 = 5*l - 4*w, 4*l - 3*w = 2345987. Is l a prime number?
True
Let h(u) = -1443*u - 32. Let b be h(7). Let w = -5712 - b. Is w composite?
False
Let p = 11584 - -63. Suppose 0 = 2*k - 89263 - p. Is k a composite number?
True
Let r be 264/(-176)*(-1 + (985 - 0)). Let i = r + 3169. Is i prime?
True
Is (24/42 + 17954268/(-336))/(2/(-8)) composite?
True
Let x(u) = -u**3 - 14*u**2 - 43*u - 10. Let v be x(-6). Is -1 - 228*(5 + v) a prime number?
False
Suppose -35*t + 26264 = -288 - 7258. Suppose -3*n + 13075 = 2*n. Let o = n + t. Is o a composite number?
False
Let u(o) = 1489*o + 15. Suppose 0 = 17*s - 31 - 37. Is u(s) prime?
False
Suppose -5*f = 2*n - n - 38059, 2*f - 15242 = -5*n. Suppose -f = -8*b + 32557. Is b prime?
True
Suppose 34*u - 6115139 = -19*u - 378472. Is u a prime number?
False
Let g be 68166/(-84)*(-4)/3. Suppose 2*b = g + 624. Is b a prime number?
True
Let i(a) = -a + 1362. Let v be i(0). Let l = v + -797. Is l prime?
False
Let g(r) = 593*r**3 + 2*r - 2. Let a be g(1). Let x = a + -322. Let f = -152 + x. Is f a composite number?
True
Suppose 0*z + 52643 = 2*z - 5*b, b = -5*z + 131540. Is z composite?
False
Let f be (1 + 8/(-12))/(1/53562). Suppose k + f = 5*n, -k = -5*n + 7*n - 7143. Is n a composite number?
False
Let z = 159200 + -94803. Is z composite?
True
Let o be (15/(-6))/((-10)/12). Suppose -o*c = 2*k - 17273, -5*c = 2*k - k - 28779. Is c a composite number?
True
Let w = 5 - 5. Suppose w = 6*q - 21476 + 1754. Is q/13 - (-2)/13 composite?
True
Suppose -7*w + 5*w + 10*w = 0. Suppose w = -12*q - 1453 + 26089. Is q a prime number?
True
Suppose -3*z - 193149 = -72*s + 69*s, -3*z - 15 = 0. Is s composite?
True
Suppose 10*k + 8 = 14*k. Suppose 0 = -4*s + 3*q + k*q + 4832, -4*q = s - 1229. Is s prime?
True
Suppose 71035 = -5*k + 2*l, -3*k + 2*l - 3*l = 42621. Let i = k - -43680. Is i prime?
True
Is (1621694464/117)/32 - 1/(-9) composite?
True
Let n(o) = -6*o**2 - o + 4705. Let m be n(0). Suppose 98*u - m = 93*u. Is u prime?
True
Let h(d) = -7*d**3 - 9*d**2 - 6*d + 31. Suppose 0 = -o - 3, 7 = -i - 2*o - 11. Is h(i) composite?
False
Is (3779 + -2)*(-183)/(-9) a composite number?
True
Let i(c) be the third derivative of c**5/6 - 3*c**4/8 - c**3/3 - c**2. Let o(t) = 79*t + 1180. Let y be o(-15). Is i(y) prime?
True
Let n be (-24)/(-9)*15/10. Suppose 0 = 3*b - n*b + 574. Suppose 10*f - b = 8*f. Is f prime?
False
Let o be ((-62)/(-6))/((-16)/6528). Let g = -2645 - o. Is g a prime number?
True
Let h(x) be the first derivative of x**2/2 - 8*x + 1. Let b be h(12). Suppose -744 + 3036 = b*y. Is y prime?
False
Suppose -12*u = -155294 + 7406. Is 1 + u + (-94)/47 a prime number?
True
Let m be (-2424)/(-20)*(-120)/(-18). Is -6 + 7 - m/(-1) prime?
True
Suppose -1740325 = -149*l + 4496517. Is l a prime number?
False
Is ((-5)/(140/21))/((-8)/497312) a prime number?
False
Is 149688 + (48/96 - 1/(-2)) composite?
False
Let q(n) = 65*n**2 + 11*n - 35. Suppose -27 - 1 = -7*o. Is q(o) a composite number?
False
Let g = 33463 + -20471. Let v = -7773 + g. Is v prime?
False
Let b(t) = t**3 - 13*t**2 + 11*t - 3. Let v be b(13). Let i = v - 140. Suppose z - 5*z + 988 = i. Is z composite?
True
Let j(h) = 4678*h**2 - 472*h + 47. Is j(4) prime?
False
Suppose 2531195 = -124*z + 147*z - 2365482. Is z a composite number?
True
Let g = -31794 - -121847. Is g a prime number?
True
Suppose 177*a + 166 = 179*a. Let s(m) = m**3 - 13*m**2 - 9*m + 6. Let n be s(12). Let h = a - n. Is h prime?
False
Let j(m) be the second derivative of 0 + 6*m + 1/2*m**3 + 1/2*m**2 + 13/12*m**4. Is j(3) a prime number?
True
Suppose w + 95607 = 5*n, -1412 = -n - w + 17707. Is n a prime number?
True
Let p(c) = -6*c**3 + 42*c**2 - 24*c - 31. Is p(-14) composite?
True
Suppose 2*k - 1430 = t, 9*t - 3605 = -5*k + 4*t. Let a = -638 + 1858. Let v = a - k. Is v a composite number?
False
Suppose -3*f + 4*f = -13*f + 2035894. Is f a prime number?
False
Let d be 116*((-183)/12)/(-1). Suppose d = a - 4044. Is a prime?
True
Suppose -3*l - c = 2*l - 21, -5*c - 20 = 0. Suppose -5*o - 1653 = -z, 1384 - 9569 = -l*z + 5*o. Is z prime?
False
Let g = 82437 - 10930. Is g prime?
False
Let i(q) = 2922*q + 1921. Is i(33) composite?
False
Let a(s) = 2037*s**2 + 447*s**2 - 17 + 98*s**2. Is a(-3) a prime number?
False
Let t be 4/((-4)/(-7) + 0). Suppose 0 = -t*z + 6*z - 2, 4*k + 54 = -5*z. Is (k/(-33))/(-2*1/(-6756)) a prime number?
False
Let o = -370945 + 538734. Is o prime?
False
Let c be 2/(((-3)/(-99))/(2/(-4))). Let k(u) = -u**3 - 29*u**2 + 10*u - 59. Is k(c) prime?
True
Let l(b) = -76*b - 5. Let x = 90 - 61. Suppose x*s = 24*s - 15. Is l(s) composite?
False
Let f be 0/(3*(-3)/(-9)). Suppose f = -11*d + 6*d + 16355. Is d composite?
False
Let d(r) = -171*r**3 - 7*r**2 + 2*r - 1. Suppose 0 = 6*i + 12 + 6. Let v be 7 + 6/i + -8. Is d(v) a composite number?
False
Let w be (547/3)/((-5)/(-405)). Let a be (w/21 - -2) + 10/(-35). Let j = a + 61. Is j composite?
True
Let f(x) = 7*x**2 - 93*x + 29. Let q be f(13). Suppose q*z - 93709 = -5*a + 4*z, -5*z - 18737 = -a. Is a composite?
True
Is -15 + (-21)/((-336)/525536) a composite number?
False
Let r = -4118 + -3494. Let d = 12821 + r. Is d composite?
False
Let i(y) = 1563*y**3 + 6*y**2 - 69*y + 289. Is i(5) prime?
True
Let w(j) = -988*j - 128. Let h be w(-11). Let z = h - 5999. Is z composite?
True
Let y(d) = -d**2 - 9*d - 1. Let t be y(-8). Suppose x = l + t, l + x + 4*x = 11. Is (l + 0)/((-285)/93 + 3) a prime number?
False
Let k(l) = -20583*l - 13. Let f be k(-13). Suppose 45*v = f - 19661. Is v composite?
True
Let n(l) = l**2 - 35. Let t be n(-10). Let r = -75 + t. Is (-3117)/(-2)*r/(-15) a composite number?
False
Let a = -6520 - 416. Let g = -2945 - a. Is g a composite number?
True
Suppose -3*x = 2*v - 593831, 339*v = -5*x + 344*v + 989660. Is x prime?
False
Let z be 4*1 - (-2 - 4 - 1366). Let c = z + -205.